{"id":4615,"date":"2024-12-24T02:35:29","date_gmt":"2024-12-24T01:35:29","guid":{"rendered":"https:\/\/nexus-sn.com\/preprod\/?page_id=4615"},"modified":"2025-02-15T14:39:25","modified_gmt":"2025-02-15T13:39:25","slug":"nos-projets","status":"publish","type":"page","link":"https:\/\/nexus-sn.com\/preprod\/nos-projets\/","title":{"rendered":"Nos projets"},"content":{"rendered":"\t\t<div data-elementor-type=\"wp-page\" data-elementor-id=\"4615\" class=\"elementor elementor-4615\">\n\t\t\t\t\t\t<section class=\"elementor-section elementor-top-section elementor-element elementor-element-0fbfb9c elementor-section-stretched row-margin-left elementor-section-boxed elementor-section-height-default elementor-section-height-default wpr-particle-no wpr-jarallax-no wpr-parallax-no wpr-sticky-section-no\" data-id=\"0fbfb9c\" data-element_type=\"section\" data-settings=\"{&quot;stretch_section&quot;:&quot;section-stretched&quot;}\">\n\t\t\t\t\t\t<div class=\"elementor-container elementor-column-gap-extended\">\n\t\t\t\t\t<div class=\"elementor-column elementor-col-100 elementor-top-column elementor-element elementor-element-29db8ef\" data-id=\"29db8ef\" data-element_type=\"column\">\n\t\t\t<div class=\"elementor-widget-wrap elementor-element-populated\">\n\t\t\t\t\t\t<div class=\"elementor-element elementor-element-b645e72 elementor-invisible elementor-widget elementor-widget-apus_element_apartments\" data-id=\"b645e72\" data-element_type=\"widget\" data-settings=\"{&quot;_animation&quot;:&quot;slide-up&quot;,&quot;columns&quot;:&quot;1&quot;}\" data-widget_type=\"apus_element_apartments.default\">\n\t\t\t\t<div class=\"elementor-widget-container\">\n\t\t\t\t\t            <div class=\"widget-apartments \">\n                                <div class=\"widget-content\">\n\n                                            <div class=\"slick-carousel fullscreen style1\"\n                            data-items=\"1\"\n                            data-large=\"2\"\n                            data-medium=\"2\"\n                            data-small=\"1\"\n                            data-smallest=\"1\"\n\n                            data-slidestoscroll=\"1\"\n                            data-slidestoscroll_large=\"1\"\n                            data-slidestoscroll_medium=\"1\"\n                            data-slidestoscroll_small=\"1\"\n                            data-slidestoscroll_smallest=\"1\"\n\n                            data-pagination=\"false\" data-nav=\"true\">\n                                                            <div class=\"item\">\n                                    <article id=\"post-2708\" itemscope class=\"post-2708 apartment type-apartment status-publish has-post-thumbnail hentry\">\n\t\t\t\t\t<div class=\"apartment-layout position-relative v2\">\n\t\t\t<figure class=\"entry-thumb\"><a class=\"post-thumbnail\" href=\"https:\/\/nexus-sn.com\/preprod\/apartment\/residence-truth\/\" aria-hidden=\"true\"><div class=\"image-wrapper\"><img fetchpriority=\"high\" decoding=\"async\" width=\"1920\" height=\"1080\" src=\"https:\/\/nexus-sn.com\/preprod\/wp-content\/uploads\/2023\/03\/01_Interactive-LightMix.jpg\" class=\"attachment-2048x2048 size-2048x2048\" alt=\"\" srcset=\"https:\/\/nexus-sn.com\/preprod\/wp-content\/uploads\/2023\/03\/01_Interactive-LightMix.jpg 1920w, https:\/\/nexus-sn.com\/preprod\/wp-content\/uploads\/2023\/03\/01_Interactive-LightMix-300x169.jpg 300w, https:\/\/nexus-sn.com\/preprod\/wp-content\/uploads\/2023\/03\/01_Interactive-LightMix-1024x576.jpg 1024w, https:\/\/nexus-sn.com\/preprod\/wp-content\/uploads\/2023\/03\/01_Interactive-LightMix-768x432.jpg 768w, https:\/\/nexus-sn.com\/preprod\/wp-content\/uploads\/2023\/03\/01_Interactive-LightMix-1536x864.jpg 1536w\" sizes=\"(max-width: 1920px) 100vw, 1920px\" \/><\/div><\/a><\/figure>\t\t\t\t<div class=\"info\">\n\t\t\t<h3 class=\"entry-title\"><a href=\"https:\/\/nexus-sn.com\/preprod\/apartment\/residence-truth\/\" rel=\"bookmark\">R\u00e9sidence TRUTH<\/a><\/h3>\t\t\t\t\t\t\t\t<div class=\"area\">\n\t\t\t\t\t\tUn cadre privil\u00e9gi\u00e9 au c\u0153ur d\u2019un environnement serein\t\t\t\t\t<\/div>\n\t\t\t\t\t\t\t\t<meta itemprop=\"url\" content=\"https:\/\/nexus-sn.com\/preprod\/apartment\/residence-truth\/\" \/>\n\t\t<\/div>\n\t<\/div>\n<\/article>                                <\/div>\n                                                            <div class=\"item\">\n                                    <article id=\"post-2706\" itemscope class=\"post-2706 apartment type-apartment status-publish has-post-thumbnail hentry\">\n\t\t\t\t\t<div class=\"apartment-layout position-relative v2\">\n\t\t\t<figure class=\"entry-thumb\"><a class=\"post-thumbnail\" href=\"https:\/\/nexus-sn.com\/preprod\/apartment\/villa-pivoine\/\" aria-hidden=\"true\"><div class=\"image-wrapper\"><img decoding=\"async\" width=\"1920\" height=\"1080\" src=\"https:\/\/nexus-sn.com\/preprod\/wp-content\/uploads\/2023\/03\/03_Interactive-LightMix.jpg\" class=\"attachment-2048x2048 size-2048x2048\" alt=\"\" srcset=\"https:\/\/nexus-sn.com\/preprod\/wp-content\/uploads\/2023\/03\/03_Interactive-LightMix.jpg 1920w, https:\/\/nexus-sn.com\/preprod\/wp-content\/uploads\/2023\/03\/03_Interactive-LightMix-300x169.jpg 300w, https:\/\/nexus-sn.com\/preprod\/wp-content\/uploads\/2023\/03\/03_Interactive-LightMix-1024x576.jpg 1024w, https:\/\/nexus-sn.com\/preprod\/wp-content\/uploads\/2023\/03\/03_Interactive-LightMix-768x432.jpg 768w, https:\/\/nexus-sn.com\/preprod\/wp-content\/uploads\/2023\/03\/03_Interactive-LightMix-1536x864.jpg 1536w\" sizes=\"(max-width: 1920px) 100vw, 1920px\" \/><\/div><\/a><\/figure>\t\t\t\t<div class=\"info\">\n\t\t\t<h3 class=\"entry-title\"><a href=\"https:\/\/nexus-sn.com\/preprod\/apartment\/villa-pivoine\/\" rel=\"bookmark\">Villa Pivoine<\/a><\/h3>\t\t\t\t\t\t\t\t<div class=\"area\">\n\t\t\t\t\t\tUn sanctuaire de tranquillit\u00e9 au c\u0153ur d\u2019un quartier r\u00e9sidentiel pris\u00e9\t\t\t\t\t<\/div>\n\t\t\t\t\t\t\t\t<meta itemprop=\"url\" content=\"https:\/\/nexus-sn.com\/preprod\/apartment\/villa-pivoine\/\" \/>\n\t\t<\/div>\n\t<\/div>\n<\/article>                                <\/div>\n                                                    <\/div>\n                                                        <\/div>\n            <\/div>\n            \t\t\t\t<\/div>\n\t\t\t\t<\/div>\n\t\t\t\t\t<\/div>\n\t\t<\/div>\n\t\t\t\t\t<\/div>\n\t\t<\/section>\n\t\t\t\t<\/div>\n\t\t","protected":false},"excerpt":{"rendered":"<p>R\u00e9sidence TRUTH Un cadre privil\u00e9gi\u00e9 au c\u0153ur d\u2019un environnement serein Villa Pivoine Un sanctuaire de tranquillit\u00e9 au c\u0153ur d\u2019un quartier r\u00e9sidentiel pris\u00e9<\/p>\n","protected":false},"author":2,"featured_media":0,"parent":0,"menu_order":0,"comment_status":"closed","ping_status":"closed","template":"","meta":{"iawp_total_views":7,"footnotes":""},"class_list":["post-4615","page","type-page","status-publish","hentry"],"_links":{"self":[{"href":"https:\/\/nexus-sn.com\/preprod\/wp-json\/wp\/v2\/pages\/4615","targetHints":{"allow":["GET"]}}],"collection":[{"href":"https:\/\/nexus-sn.com\/preprod\/wp-json\/wp\/v2\/pages"}],"about":[{"href":"https:\/\/nexus-sn.com\/preprod\/wp-json\/wp\/v2\/types\/page"}],"author":[{"embeddable":true,"href":"https:\/\/nexus-sn.com\/preprod\/wp-json\/wp\/v2\/users\/2"}],"replies":[{"embeddable":true,"href":"https:\/\/nexus-sn.com\/preprod\/wp-json\/wp\/v2\/comments?post=4615"}],"version-history":[{"count":19,"href":"https:\/\/nexus-sn.com\/preprod\/wp-json\/wp\/v2\/pages\/4615\/revisions"}],"predecessor-version":[{"id":4838,"href":"https:\/\/nexus-sn.com\/preprod\/wp-json\/wp\/v2\/pages\/4615\/revisions\/4838"}],"wp:attachment":[{"href":"https:\/\/nexus-sn.com\/preprod\/wp-json\/wp\/v2\/media?parent=4615"}],"curies":[{"name":"wp","href":"https:\/\/api.w.org\/{rel}","templated":true}]}}